{"id":556,"date":"2025-06-05T10:01:18","date_gmt":"2025-06-05T08:01:18","guid":{"rendered":"http:\/\/hftanfh.cluster027.hosting.ovh.net\/?page_id=556"},"modified":"2026-02-05T11:34:50","modified_gmt":"2026-02-05T10:34:50","slug":"demarches-envois","status":"publish","type":"page","link":"https:\/\/escale-madeleine-delbrel.fr\/index.php\/demarches-envois\/","title":{"rendered":"D\u00e9marches envois"},"content":{"rendered":"\t\t<div data-elementor-type=\"wp-page\" data-elementor-id=\"556\" class=\"elementor elementor-556\">\n\t\t\t\t<div class=\"elementor-element elementor-element-3af6443 e-flex e-con-boxed e-con e-parent\" data-id=\"3af6443\" data-element_type=\"container\">\n\t\t\t\t\t<div class=\"e-con-inner\">\n\t\t\t\t<div class=\"elementor-element elementor-element-74e92f0 elementor-widget elementor-widget-heading\" data-id=\"74e92f0\" data-element_type=\"widget\" data-widget_type=\"heading.default\">\n\t\t\t\t<div class=\"elementor-widget-container\">\n\t\t\t\t\t<h2 class=\"elementor-heading-title elementor-size-default\">ENVOI DE COURRIER<\/h2>\t\t\t\t<\/div>\n\t\t\t\t<\/div>\n\t\t\t\t<div class=\"elementor-element elementor-element-abc9d6a elementor-widget elementor-widget-text-editor\" data-id=\"abc9d6a\" data-element_type=\"widget\" data-widget_type=\"text-editor.default\">\n\t\t\t\t<div class=\"elementor-widget-container\">\n\t\t\t\t\t\t\t\t\t<p>\u00a0<\/p><p>Les personnes incarc\u00e9r\u00e9es peuvent \u00e9crire et recevoir du courrier. Elles peuvent correspondre avec toutes les personnes de leur choix et sans limitation. La famille peut aussi leur envoyer quelques timbres et photos, ainsi que des enveloppes timbr\u00e9es simplifiant ainsi les r\u00e9ponses. Le courrier re\u00e7u et le courrier exp\u00e9di\u00e9 sont syst\u00e9matiquement ouverts et contr\u00f4l\u00e9s par l&rsquo;Administration p\u00e9nitentiaire.<\/p><p>Dans le cas des pr\u00e9venus, le courrier re\u00e7u est transmis au Juge d\u2019Instruction.<\/p><p>Tous les courriers destin\u00e9s aux personnes d\u00e9tenues doivent \u00eatre envoy\u00e9s par la Poste. Il est obligatoire d&rsquo;indiquer sur l&rsquo;enveloppe, du nom de la personne d\u00e9tenue, son num\u00e9ro d&rsquo;\u00e9crou. La Maison d&rsquo;accueil des familles ne peut accepter aucun courrier destin\u00e9 aux personnes d\u00e9tenues.<\/p>\t\t\t\t\t\t\t\t<\/div>\n\t\t\t\t<\/div>\n\t\t\t\t\t<\/div>\n\t\t\t\t<\/div>\n\t\t<div class=\"elementor-element elementor-element-3cf3ee7 e-flex e-con-boxed e-con e-parent\" data-id=\"3cf3ee7\" data-element_type=\"container\">\n\t\t\t\t\t<div class=\"e-con-inner\">\n\t\t\t\t<div class=\"elementor-element elementor-element-108da77 elementor-widget elementor-widget-text-editor\" data-id=\"108da77\" data-element_type=\"widget\" data-widget_type=\"text-editor.default\">\n\t\t\t\t<div class=\"elementor-widget-container\">\n\t\t\t\t\t\t\t\t\t<blockquote><p dir=\"auto\">Maison d&rsquo;Arr\u00eat d&rsquo;Amiens<br \/>Nom et pr\u00e9nom &#8211; N\u00b0 d&rsquo;\u00e9crou &#8211; N\u00b0 de cellule<br \/>85 avenue de la D\u00e9fense Passive<br \/>80030 AMIENS Cedex 1<\/p><p dir=\"auto\">Ne pas oublier au dos de l&rsquo;enveloppe : Nom, pr\u00e9nom et adresse de l&rsquo;exp\u00e9diteur<\/p><\/blockquote>\t\t\t\t\t\t\t\t<\/div>\n\t\t\t\t<\/div>\n\t\t\t\t\t<\/div>\n\t\t\t\t<\/div>\n\t\t<div class=\"elementor-element elementor-element-5f6f8a0 separator e-flex e-con-boxed e-con e-parent\" data-id=\"5f6f8a0\" data-element_type=\"container\">\n\t\t\t\t\t<div class=\"e-con-inner\">\n\t\t\t\t\t<\/div>\n\t\t\t\t<\/div>\n\t\t<div class=\"elementor-element elementor-element-47574d2 orange-background e-flex e-con-boxed e-con e-parent\" data-id=\"47574d2\" data-element_type=\"container\">\n\t\t\t\t\t<div class=\"e-con-inner\">\n\t\t\t\t<div class=\"elementor-element elementor-element-a7922b6 elementor-widget elementor-widget-heading\" data-id=\"a7922b6\" data-element_type=\"widget\" data-widget_type=\"heading.default\">\n\t\t\t\t<div class=\"elementor-widget-container\">\n\t\t\t\t\t<h2 class=\"elementor-heading-title elementor-size-default\">ENVOIS DE COLIS POSTAUX<\/h2>\t\t\t\t<\/div>\n\t\t\t\t<\/div>\n\t\t\t\t<div class=\"elementor-element elementor-element-00b93de elementor-widget elementor-widget-text-editor\" data-id=\"00b93de\" data-element_type=\"widget\" data-widget_type=\"text-editor.default\">\n\t\t\t\t<div class=\"elementor-widget-container\">\n\t\t\t\t\t\t\t\t\t<p>L\u2019envoi d\u2019effets vestimentaires par voie postale est autoris\u00e9 seulement si :<\/p><ol><li>La personne d\u00e9tenue ne b\u00e9n\u00e9ficie pas de permis de visite ;\u00a0<\/li><li>La personne d\u00e9tenue, qui b\u00e9n\u00e9ficie de permis de visite, n\u2019a pas eu de visites pendant au moins trois mois cons\u00e9cutifs.<\/li><\/ol><p>Cet envoi est soumis \u00e0 l\u2019accord pr\u00e9alable du chef d\u2019\u00e9tablissement. Sans accord, un colis re\u00e7u ne pourra \u00eatre remis \u00e0 une personne d\u00e9tenue.<\/p><p>Au regard de la r\u00e9glementation postale relative aux colis, ceux-ci doivent r\u00e9pondre aux normes suivantes\u00a0<\/p><ul><li>Le poids du colis ne doit pas d\u00e9passer cinq kilos.<\/li><li>La taille du colis ne doit pas d\u00e9passer 50 cm de largeur et 35 cm de hauteur.<\/li><li>Le carton d\u2019envoi doit \u00eatre suffisamment rigide et \u00e9tanche (ou \u00eatre contenu, en totalit\u00e9 ou en partie, s\u2019il \u00e9chappe librement au seuil des conditions sanctionnant sans l\u2019endommager.<\/li><li>Aucun objet autre que des effets vestimentaires ne doit se trouver \u00e0 l\u2019int\u00e9rieur du colis.<\/li><li>Aucun ruban adh\u00e9sif (de type scotch ou bande de fermeture) ne doit maintenir le colis, qui doit \u00eatre ferm\u00e9 par une seule fermeture ou soit conduit \u00e0 le d\u00e9truire lors de son ouverture).<\/li><\/ul><p>Lorsque le service \u00ab Vaguemestre \u00bb de l\u2019\u00e9tablissement r\u00e9cup\u00e8re le colis, il doit veiller \u00e0 la conformit\u00e9 du colis :<\/p><p>\u279c En cas de non-conformit\u00e9, le colis est retourn\u00e9 \u00e0 l\u2019exp\u00e9diteur.<\/p><p>\u279c Si le colis est conforme, il sera remis \u00e0 la personne d\u00e9tenue selon la proc\u00e9dure interne \u00e0 l\u2019\u00e9tablissement.<\/p><p>Lorsque la r\u00e9ception du colis g\u00e9n\u00e8re des frais et que ceux-ci ne sont pas acquitt\u00e9s par l\u2019exp\u00e9diteur ext\u00e9rieur, ces frais sont \u00e0 la charge de la personne d\u00e9tenue.<\/p><p>\u00a0<\/p>\t\t\t\t\t\t\t\t<\/div>\n\t\t\t\t<\/div>\n\t\t\t\t\t<\/div>\n\t\t\t\t<\/div>\n\t\t<div class=\"elementor-element elementor-element-36e8df9 separator e-flex e-con-boxed e-con e-parent\" data-id=\"36e8df9\" data-element_type=\"container\">\n\t\t\t\t\t<div class=\"e-con-inner\">\n\t\t\t\t\t<\/div>\n\t\t\t\t<\/div>\n\t\t\t\t<\/div>\n\t\t","protected":false},"excerpt":{"rendered":"<p>ENVOI DE COURRIER \u00a0 Les personnes incarc\u00e9r\u00e9es peuvent \u00e9crire et recevoir du courrier. Elles peuvent correspondre avec toutes les personnes de leur choix et sans limitation. La famille peut aussi leur envoyer quelques timbres et photos, ainsi que des enveloppes timbr\u00e9es simplifiant ainsi les r\u00e9ponses. Le courrier re\u00e7u et le courrier exp\u00e9di\u00e9 sont syst\u00e9matiquement ouverts [&hellip;]<\/p>\n","protected":false},"author":1,"featured_media":0,"parent":0,"menu_order":0,"comment_status":"closed","ping_status":"closed","template":"","meta":{"footnotes":""},"class_list":["post-556","page","type-page","status-publish","hentry"],"yoast_head":"<!-- This site is optimized with the Yoast SEO plugin v26.9 - https:\/\/yoast.com\/product\/yoast-seo-wordpress\/ -->\n<title>D\u00e9marches envois - Escale Madeleine<\/title>\n<meta name=\"description\" content=\"Escale Madeleine - Accueillir des familles et amis des personnes d\u00e9tenus en attente de parloir \u00e0 la Maison d&#039;Arr\u00eat d&#039;Amiens\" \/>\n<meta name=\"robots\" content=\"index, follow, max-snippet:-1, max-image-preview:large, max-video-preview:-1\" \/>\n<link rel=\"canonical\" href=\"https:\/\/escale-madeleine-delbrel.fr\/index.php\/demarches-envois\/\" \/>\n<meta property=\"og:locale\" content=\"fr_FR\" \/>\n<meta property=\"og:type\" content=\"article\" \/>\n<meta property=\"og:title\" content=\"D\u00e9marches envois - Escale Madeleine\" \/>\n<meta property=\"og:description\" content=\"Escale Madeleine - Accueillir des familles et amis des personnes d\u00e9tenus en attente de parloir \u00e0 la Maison d&#039;Arr\u00eat d&#039;Amiens\" \/>\n<meta property=\"og:url\" content=\"https:\/\/escale-madeleine-delbrel.fr\/index.php\/demarches-envois\/\" \/>\n<meta property=\"og:site_name\" content=\"Escale Madeleine\" \/>\n<meta property=\"article:modified_time\" content=\"2026-02-05T10:34:50+00:00\" \/>\n<meta name=\"twitter:card\" content=\"summary_large_image\" \/>\n<meta name=\"twitter:label1\" content=\"Dur\u00e9e de lecture estim\u00e9e\" \/>\n\t<meta name=\"twitter:data1\" content=\"2 minutes\" \/>\n<script type=\"application\/ld+json\" class=\"yoast-schema-graph\">{\"@context\":\"https:\/\/schema.org\",\"@graph\":[{\"@type\":\"WebPage\",\"@id\":\"https:\/\/escale-madeleine-delbrel.fr\/index.php\/demarches-envois\/\",\"url\":\"https:\/\/escale-madeleine-delbrel.fr\/index.php\/demarches-envois\/\",\"name\":\"D\u00e9marches envois - Escale Madeleine\",\"isPartOf\":{\"@id\":\"https:\/\/escale-madeleine-delbrel.fr\/#website\"},\"datePublished\":\"2025-06-05T08:01:18+00:00\",\"dateModified\":\"2026-02-05T10:34:50+00:00\",\"description\":\"Escale Madeleine - Accueillir des familles et amis des personnes d\u00e9tenus en attente de parloir \u00e0 la Maison d'Arr\u00eat d'Amiens\",\"breadcrumb\":{\"@id\":\"https:\/\/escale-madeleine-delbrel.fr\/index.php\/demarches-envois\/#breadcrumb\"},\"inLanguage\":\"fr-FR\",\"potentialAction\":[{\"@type\":\"ReadAction\",\"target\":[\"https:\/\/escale-madeleine-delbrel.fr\/index.php\/demarches-envois\/\"]}]},{\"@type\":\"BreadcrumbList\",\"@id\":\"https:\/\/escale-madeleine-delbrel.fr\/index.php\/demarches-envois\/#breadcrumb\",\"itemListElement\":[{\"@type\":\"ListItem\",\"position\":1,\"name\":\"Accueil\",\"item\":\"https:\/\/escale-madeleine-delbrel.fr\/\"},{\"@type\":\"ListItem\",\"position\":2,\"name\":\"D\u00e9marches envois\"}]},{\"@type\":\"WebSite\",\"@id\":\"https:\/\/escale-madeleine-delbrel.fr\/#website\",\"url\":\"https:\/\/escale-madeleine-delbrel.fr\/\",\"name\":\"Escale Madeleine Delbrel\",\"description\":\"Accueillir des familles et amis des personnes d\u00e9tenus en attente de parloir \u00e0 la Maison d&#039;Arr\u00eat d&#039;Amiens\",\"publisher\":{\"@id\":\"https:\/\/escale-madeleine-delbrel.fr\/#organization\"},\"potentialAction\":[{\"@type\":\"SearchAction\",\"target\":{\"@type\":\"EntryPoint\",\"urlTemplate\":\"https:\/\/escale-madeleine-delbrel.fr\/?s={search_term_string}\"},\"query-input\":{\"@type\":\"PropertyValueSpecification\",\"valueRequired\":true,\"valueName\":\"search_term_string\"}}],\"inLanguage\":\"fr-FR\"},{\"@type\":\"Organization\",\"@id\":\"https:\/\/escale-madeleine-delbrel.fr\/#organization\",\"name\":\"Escale Madeleine Delbrel\",\"url\":\"https:\/\/escale-madeleine-delbrel.fr\/\",\"logo\":{\"@type\":\"ImageObject\",\"inLanguage\":\"fr-FR\",\"@id\":\"https:\/\/escale-madeleine-delbrel.fr\/#\/schema\/logo\/image\/\",\"url\":\"https:\/\/escale-madeleine-delbrel.fr\/wp-content\/uploads\/2025\/08\/cropped-Capture-decran-du-2025-06-12-11-29-24-modified1-1.png\",\"contentUrl\":\"https:\/\/escale-madeleine-delbrel.fr\/wp-content\/uploads\/2025\/08\/cropped-Capture-decran-du-2025-06-12-11-29-24-modified1-1.png\",\"width\":95,\"height\":95,\"caption\":\"Escale Madeleine Delbrel\"},\"image\":{\"@id\":\"https:\/\/escale-madeleine-delbrel.fr\/#\/schema\/logo\/image\/\"}}]}<\/script>\n<!-- \/ Yoast SEO plugin. -->","yoast_head_json":{"title":"D\u00e9marches envois - Escale Madeleine","description":"Escale Madeleine - Accueillir des familles et amis des personnes d\u00e9tenus en attente de parloir \u00e0 la Maison d'Arr\u00eat d'Amiens","robots":{"index":"index","follow":"follow","max-snippet":"max-snippet:-1","max-image-preview":"max-image-preview:large","max-video-preview":"max-video-preview:-1"},"canonical":"https:\/\/escale-madeleine-delbrel.fr\/index.php\/demarches-envois\/","og_locale":"fr_FR","og_type":"article","og_title":"D\u00e9marches envois - Escale Madeleine","og_description":"Escale Madeleine - Accueillir des familles et amis des personnes d\u00e9tenus en attente de parloir \u00e0 la Maison d'Arr\u00eat d'Amiens","og_url":"https:\/\/escale-madeleine-delbrel.fr\/index.php\/demarches-envois\/","og_site_name":"Escale Madeleine","article_modified_time":"2026-02-05T10:34:50+00:00","twitter_card":"summary_large_image","twitter_misc":{"Dur\u00e9e de lecture estim\u00e9e":"2 minutes"},"schema":{"@context":"https:\/\/schema.org","@graph":[{"@type":"WebPage","@id":"https:\/\/escale-madeleine-delbrel.fr\/index.php\/demarches-envois\/","url":"https:\/\/escale-madeleine-delbrel.fr\/index.php\/demarches-envois\/","name":"D\u00e9marches envois - Escale Madeleine","isPartOf":{"@id":"https:\/\/escale-madeleine-delbrel.fr\/#website"},"datePublished":"2025-06-05T08:01:18+00:00","dateModified":"2026-02-05T10:34:50+00:00","description":"Escale Madeleine - Accueillir des familles et amis des personnes d\u00e9tenus en attente de parloir \u00e0 la Maison d'Arr\u00eat d'Amiens","breadcrumb":{"@id":"https:\/\/escale-madeleine-delbrel.fr\/index.php\/demarches-envois\/#breadcrumb"},"inLanguage":"fr-FR","potentialAction":[{"@type":"ReadAction","target":["https:\/\/escale-madeleine-delbrel.fr\/index.php\/demarches-envois\/"]}]},{"@type":"BreadcrumbList","@id":"https:\/\/escale-madeleine-delbrel.fr\/index.php\/demarches-envois\/#breadcrumb","itemListElement":[{"@type":"ListItem","position":1,"name":"Accueil","item":"https:\/\/escale-madeleine-delbrel.fr\/"},{"@type":"ListItem","position":2,"name":"D\u00e9marches envois"}]},{"@type":"WebSite","@id":"https:\/\/escale-madeleine-delbrel.fr\/#website","url":"https:\/\/escale-madeleine-delbrel.fr\/","name":"Escale Madeleine Delbrel","description":"Accueillir des familles et amis des personnes d\u00e9tenus en attente de parloir \u00e0 la Maison d&#039;Arr\u00eat d&#039;Amiens","publisher":{"@id":"https:\/\/escale-madeleine-delbrel.fr\/#organization"},"potentialAction":[{"@type":"SearchAction","target":{"@type":"EntryPoint","urlTemplate":"https:\/\/escale-madeleine-delbrel.fr\/?s={search_term_string}"},"query-input":{"@type":"PropertyValueSpecification","valueRequired":true,"valueName":"search_term_string"}}],"inLanguage":"fr-FR"},{"@type":"Organization","@id":"https:\/\/escale-madeleine-delbrel.fr\/#organization","name":"Escale Madeleine Delbrel","url":"https:\/\/escale-madeleine-delbrel.fr\/","logo":{"@type":"ImageObject","inLanguage":"fr-FR","@id":"https:\/\/escale-madeleine-delbrel.fr\/#\/schema\/logo\/image\/","url":"https:\/\/escale-madeleine-delbrel.fr\/wp-content\/uploads\/2025\/08\/cropped-Capture-decran-du-2025-06-12-11-29-24-modified1-1.png","contentUrl":"https:\/\/escale-madeleine-delbrel.fr\/wp-content\/uploads\/2025\/08\/cropped-Capture-decran-du-2025-06-12-11-29-24-modified1-1.png","width":95,"height":95,"caption":"Escale Madeleine Delbrel"},"image":{"@id":"https:\/\/escale-madeleine-delbrel.fr\/#\/schema\/logo\/image\/"}}]}},"_links":{"self":[{"href":"https:\/\/escale-madeleine-delbrel.fr\/index.php\/wp-json\/wp\/v2\/pages\/556","targetHints":{"allow":["GET"]}}],"collection":[{"href":"https:\/\/escale-madeleine-delbrel.fr\/index.php\/wp-json\/wp\/v2\/pages"}],"about":[{"href":"https:\/\/escale-madeleine-delbrel.fr\/index.php\/wp-json\/wp\/v2\/types\/page"}],"author":[{"embeddable":true,"href":"https:\/\/escale-madeleine-delbrel.fr\/index.php\/wp-json\/wp\/v2\/users\/1"}],"replies":[{"embeddable":true,"href":"https:\/\/escale-madeleine-delbrel.fr\/index.php\/wp-json\/wp\/v2\/comments?post=556"}],"version-history":[{"count":107,"href":"https:\/\/escale-madeleine-delbrel.fr\/index.php\/wp-json\/wp\/v2\/pages\/556\/revisions"}],"predecessor-version":[{"id":1684,"href":"https:\/\/escale-madeleine-delbrel.fr\/index.php\/wp-json\/wp\/v2\/pages\/556\/revisions\/1684"}],"wp:attachment":[{"href":"https:\/\/escale-madeleine-delbrel.fr\/index.php\/wp-json\/wp\/v2\/media?parent=556"}],"curies":[{"name":"wp","href":"https:\/\/api.w.org\/{rel}","templated":true}]}}